289235227?
5
What is the ten thousands digit of 669822816?
2
What is the ten millions digit of 189291004?
8
What is the tens digit of 18183496?
9
What is the tens digit of 1765621897?
9
What is the thousands digit of 84000447?
0
What is the hundreds digit of 572372224?
2
What is the ten millions digit of 237178513?
3
What is the hundreds digit of 28892856?
8
What is the units digit of 215536597?
7
What is the thousands digit of 966145252?
5
What is the tens digit of 31511445?
4
What is the tens digit of 714469865?
6
What is the hundred millions digit of 1512512738?
5
What is the millions digit of 1430818353?
0
What is the tens digit of 967516920?
2
What is the thousands digit of 373129534?
9
What is the hundred millions digit of 1520812735?
5
What is the ten millions digit of 15666862?
1
What is the thousands digit of 170997225?
7
What is the units digit of 83170378?
8
What is the thousands digit of 65371572?
1
What is the tens digit of 7022651966?
6
What is the hundred millions digit of 4366660064?
3
What is the ten thousands digit of 146072162?
7
What is the tens digit of 65285392?
9
What is the hundred millions digit of 698528129?
6
What is the hundreds digit of 85870207?
2
What is the hundreds digit of 583898628?
6
What is the tens digit of 21454893?
9
What is the thousands digit of 134823821?
3
What is the thousands digit of 409770234?
0
What is the hundreds digit of 6770581562?
5
What is the millions digit of 3554559?
3
What is the ten millions digit of 96985323?
9
What is the millions digit of 16399376?
6
What is the billions digit of 7581907638?
7
What is the ten thousands digit of 55697732?
9
What is the tens digit of 32456420?
2
What is the millions digit of 118384744?
8
What is the hundreds digit of 2162863505?
5
What is the units digit of 725121021?
1
What is the millions digit of 196556305?
6
What is the millions digit of 20287189?
0
What is the units digit of 444014725?
5
What is the hundred thousands digit of 482675776?
6
What is the tens digit of 52023972?
7
What is the units digit of 30097641?
1
What is the hundred thousands digit of 60920704?
9
What is the thousands digit of 2176280637?
0
What is the hundred millions digit of 3690190479?
6
What is the tens digit of 12643189?
8
What is the tens digit of 3911133095?
9
What is the millions digit of 2181467?
2
What is the ten thousands digit of 32896568?
9
What is the hundred millions digit of 272259531?
2
What is the ten thousands digit of 27408900?
0
What is the ten thousands digit of 15355927?
5
What is the hundred millions digit of 220756037?
2
What is the tens digit of 53440331?
3
What is the ten thousands digit of 2002134784?
3
What is the hundreds digit of 797220894?
8
What is the billions digit of 3350451890?
3
What is the tens digit of 1281284361?
6
What is the millions digit of 55256807?
5
What is the hundreds digit of 2127420633?
6
What is the tens digit of 114688909?
0
What is the ten millions digit of 1520683799?
2
What is the units digit of 420774900?
0
What is the hundred thousands digit of 253232130?
2
What is the millions digit of 84581426?
4
What is the thousands digit of 31906485?
6
What is the thousands digit of 2040770429?
0
What is the hundred thousands digit of 2868764549?
7
What is the tens digit of 556668295?
9
What is the tens digit of 329596065?
6
What is the hundred millions digit of 504536488?
5
What is the hundred thousands digit of 105435349?
4
What is the billions digit of 6432385831?
6
What is the hundred millions digit of 3328767640?
3
What is the millions digit of 37953169?
7
What is the thousands digit of 68827130?
7
What is the units digit of 1234902348?
8
What is the ten thousands digit of 752422874?
2
What is the hundred thousands digit of 126470111?
4
What is the hundreds digit of 857987444?
4
What is the millions digit of 92751093?
2
What is the thousands digit of 132375101?
5
What is the ten thousands digit of 2819257?
1
What is the hundred millions digit of 727140077?
7
What is the millions digit of 182079089?
2
What is the tens digit of 1224040798?
9
What is the tens digit of 60935246?
4
What is the hundred millions digit of 268070927?
2
What is the ten millions digit of 373117758?
7
What is the ten millions digit of 5519705941?
1
What is the billions digit of 7000627016?
7
What is the thousands digit of 10371449?
1
What is the hundreds digit of 952900144?
1
What is the hundreds digit of 44645897?
8
What is the thousands digit of 120713267?
3
What is the hundreds digit of 5592240280?
2
What is the hundred thousands digit of 198745604?
7
What is the units digit of 1414432840?
0
What is the thousands digit of 320572725?
2
What is the hundreds digit of 24464035?
0
What is the hundred millions digit of 1536760839?
5
What is the millions digit of 2195074016?
5
What is the hundred millions digit of 2780658719?
7
What is the ten millions digit of 12045219?
1
What is the millions digit of 433196147?
3
What is the hundreds digit of 147078125?
1
What is the units digit of 380301977?
7
What is the hundred millions digit of 750600237?
7
What is the tens digit of 134524531?
3
What is the billions digit of 2598552854?
2
What is the ten millions digit of 507764295?
0
What is the tens digit of 1160911061?
6
What is the tens digit of 131515391?
9
What is the millions digit of 49855848?
9
What is the hundred thousands digit of 120811906?
8
What is the hundred millions digit of 695518984?
6
What is the billions digit of 1114451266?
1
What is the thousands digit of 548678255?
8
What is the units digit of 77229025?
5
What is the hundred thousands digit of 877269974?
2
What is the millions digit of 33599986?
3
What is the millions digit of 191210352?
1
What is the hundred thousands digit of 239011392?
0
What is the thousands digit of 752837207?
7
What is the ten thousands digit of 816274997?
7
What is the millions digit of 223743452?
3
What is the units digit of 14739394?
4
What is the units digit of 39599294?
4
What is the hundred millions digit of 1085949631?
0
What is the hundred millions digit of 2682281447?
6
What is the ten thousands digit of 138503741?
0
What is the hundred millions digit of 841400811?
8
What is the thousands digit of 528842064?
2
What is the ten thousands digit of 52742238?
4
What is the millions digit of 830539954?
0
What is the hundred millions digit of 287604875?
2
What is the units digit of 367737970?
0
What is the ten thousands digit of 2406950007?
5
What is the thousands digit of 6669853421?
3
What is the ten millions digit of 335314050?
3
What is the hundreds digit of 759009938?
9
What is the hundred thousands digit of 40270437?
2
What is the units digit of 3560828231?
1
What is the millions digit of 2906851950?
6
What is the units digit of 3640274261?
1
What is the ten millions digit of 256693091?
5
What is the billions digit of 8037981324?
8
What is the units digit of 2094353231?
1
What is the thousands digit of 37126942?
6
What is the thousands digit of 1979218623?
8
What is the tens digit of 20034233?
3
What is the hundred thousands digit of 744516044?
5
What is the ten millions digit of 8337531246?
3
What is the hundred millions digit of 1728504747?
7
What is the hundred millions digit of 252401866?
2
What is the ten millions digit of 2275585126?
7
What is the ten thousands digit of 1853155118?
5
What is the ten millions digit of 6922941831?
2
What is the ten millions digit of 139214886?
3
What is the thousands digit of 1766029556?
9
What is the hundreds digit of 278398314?
3
What is the ten thousands digit of 39766307?
6
What is the hundred millions digit of 2322750536?
3
What is the thousands digit of 401273486?
3
What is the hundred millions digit of 348880913?
3
What is the ten thousands digit of 3600107560?
0
What is the billions digit of 4769045959?
4
What is the tens digit of 381286489?
8
What is the hundreds digit of 130202128?
1
What is the hundred thousands digit of 177658565?
6
What is the ten thousands digit of 28444076?
4
What is the hundreds digit of 741897685?
6
What is the tens digit of 809504076?
7
What is the millions digit of 129892432?
9
What is the hundreds digit of 364624817?
8
What is the thousands digit of 28402486?
2
What is the hundred thousands digit of 52724614?
7
What is the hundred milli